1000000 + -110110?
1010
In base 15, what is 0 + 178?
178
In base 9, what is 3 + 2455?
2458
In base 6, what is 3412 + 0?
3412
In base 3, what is 11 + 10120?
10201
In base 3, what is -11122 + 111?
-11011
In base 6, what is 4033 - 0?
4033
In base 3, what is -120221 - 20?
-121011
In base 8, what is -2 - 52?
-54
In base 4, what is -2 - -1013?
1011
In base 12, what is -4096 - -5?
-4091
In base 14, what is -1 + 193?
192
In base 16, what is -3 + 69b?
698
In base 2, what is -11 - -101101000100?
101101000001
In base 13, what is -34a - 1?
-34b
In base 9, what is -2 - 23?
-25
In base 10, what is -5 + -310?
-315
In base 13, what is -4 + 2c?
28
In base 12, what is b77 - -3?
b7a
In base 16, what is -18 + 0?
-18
In base 7, what is -5 - 56?
-64
In base 12, what is -10 - 132?
-142
In base 14, what is -4 - -b4d?
b49
In base 6, what is 2105 - 2?
2103
In base 7, what is -22 + -44?
-66
In base 15, what is -1b - 32?
-4d
In base 6, what is -21 - 12151?
-12212
In base 5, what is -411 + 42?
-314
In base 13, what is 20 - -9?
29
In base 3, what is 111211 - 10?
111201
In base 7, what is 5614 - 4?
5610
In base 3, what is -1000 + 1211?
211
In base 8, what is 1 + -10?
-7
In base 6, what is 4524 - 0?
4524
In base 8, what is -1 + 10675?
10674
In base 14, what is -a + 10?
4
In base 7, what is 1 - 1410?
-1406
In base 16, what is -40c - 4?
-410
In base 8, what is -1047 - -2?
-1045
In base 6, what is -1013 - 43?
-1100
In base 10, what is -1 - -259?
258
In base 5, what is 43 - 10?
33
In base 7, what is -156 - 0?
-156
In base 8, what is -3 - 1250?
-1253
In base 12, what is 281 - 23?
25a
In base 10, what is 3 + -60?
-57
In base 9, what is 4 - -3207?
3212
In base 8, what is -712 + 4?
-706
In base 11, what is 108 - -178?
285
In base 2, what is 1011111111 - 11?
1011111100
In base 2, what is 101 - -100101011?
100110000
In base 16, what is 6 - -30?
36
In base 5, what is -122 + 44?
-23
In base 2, what is 0 + -110100?
-110100
In base 2, what is 1110011 + 101?
1111000
In base 14, what is -41 - -4c?
b
In base 2, what is 110011111 - -11?
110100010
In base 8, what is 24 - 14?
10
In base 9, what is -1213 + 7?
-1205
In base 3, what is 1222 + 10?
2002
In base 15, what is 0 - 313?
-313
In base 14, what is -1d8 + -14?
-20c
In base 2, what is -100001101 - 101000?
-100110101
In base 2, what is 101000010100 - 10?
101000010010
In base 10, what is -3 + 23?
20
In base 3, what is -2 + 10122?
10120
In base 10, what is -6 + 5764?
5758
In base 16, what is 3 - -13?
16
In base 13, what is -12 - 17?
-29
In base 3, what is -2 - 11202210?
-11202212
In base 9, what is -5 - 723?
-728
In base 11, what is -13 - 8?
-20
In base 8, what is -1 - 151?
-152
In base 15, what is -10 + e6?
d6
In base 10, what is 3 - 47?
-44
In base 11, what is -2a + 4?
-26
In base 5, what is 321 - -4?
330
In base 3, what is 2000 + 121?
2121
In base 2, what is 100 - 11001000?
-11000100
In base 14, what is -3ab + -2?
-3ad
In base 5, what is -2 - 211?
-213
In base 4, what is -11 + 22010?
21333
In base 3, what is -2 - -1000?
221
In base 5, what is -31012 + -3?
-31020
In base 5, what is -10 + 4?
-1
In base 4, what is 3112 - -3?
3121
In base 9, what is -83 + -7?
-101
In base 9, what is 43 + 0?
43
In base 3, what is -11011 + 12?
-10222
In base 4, what is 3220 + 1?
3221
In base 14, what is 3 + -128?
-125
In base 9, what is -2 + -385?
-387
In base 6, what is -5 + 52?
43
In base 8, what is -1 + -322?
-323
In base 3, what is -2 - -1221112?
1221110
In base 3, what is 12 + 202121?
202210
In base 3, what is 110 - -2222?
10102
In base 11, what is 113a - -5?
1144
In base 14, what is 10 + 9?
19
In base 5, what is 12 - 2?
10
In base 16, what is 6a9c - -5?
6aa1
In base 14, what is -4 + -3d?
-43
In base 14, what is -5 + -15?
-1a
In base 16, what is 5f3 + 2?
5f5
In base 10, what is 12887 + -5?
12882
In base 4, what is -3 - 103200?
-103203
In base 13, what is 39a1 + 4?
39a5
In base 10, what is -5 - 21?
-26
In base 6, what is 23 + 101?
124
In base 16, what is 3b0 + 0?
3b0
In base 3, what is 1120 + 1110?
10000
In base 8, what is -533 - -3?
-530
In base 12, what is 33 + -26?
9
In base 11, what is 3 + -124?
-121
In base 12, what is -100 - -5?
-b7
In base 14, what is -8989 + -4?
-898d
In base 16, what is -52 - -1?
-51
In base 8, what is -17 + 123?
104
In base 5, what is -10 + 10323?
10313
In base 16, what is 2c4 - -2?
2c6
In base 8, what is -40 - 43?
-103
In base 16, what is -64 + 4?
-60
In base 3, what is -2000 - 221?
-2221
In base 12, what is 0 - 28b1?
-28b1
In base 11, what is -1 + 192a?
1929
In base 12, what is 2 - 46?
-44
In base 11, what is 13837 - 1?
13836
In base 10, what is -1 + 813?
812
In base 2, what is -11 + -100111010110?
-100111011001
In base 12, what is 128 - -6?
132
In base 15, what is 23 - -2?
25
In base 14, what is -7d - 58?
-d7
In base 11, what is 31 + -1?
30
In base 15, what is -1 - -c?
b
In base 6, what is -235334 - 1?
-235335
In base 9, what is -103 + 6?
-86
In base 15, what is ab + 19?
c5
In base 15, what is -1952 - 4?
-1956
In base 5, what is -200 + -1?
-201
In base 6, what is 15555 - 0?
15555
In base 14, what is 0 + 17?
17
In base 15, what is -1e - 1a4?
-1c3
In base 6, what is -1112 + -3?
-1115
In base 9, what is 1 + -12?
-11
In base 7, what is -4 + -54?
-61
In base 2, what is -100100 - 1010?
-101110
In base 12, what is -25b3 + -5?
-25b8
In base 3, what is 102210 - -100?
110010
In base 8, what is 413 - -11?
424
In base 12, what is -a + 7?
-3
In base 4, what is 11 - -10232?
10303
In base 4, what is -1 - -11022?
11021
In base 2, what is 10000100 - 10101111?
-101011
In base 6, what is 0 - -1212?
1212
In base 8, what is -1 + -31?
-32
In base 13, what is 26 + -79?
-53
In base 14, what is -2ac1 - 4?
-2ac5
In base 8, what is -2 - -121?
117
In base 6, what is -205 + 5?
-200
In base 16, what is 13 - -3?
16
In base 12, what is -2b + 2?
-29
In base 9, what is 2 - 2406?
-2404
In base 3, what is 21 - 10221?
-10200
In base 5, what is 3104 - -4?
3113
In base 12, what is 0 - 3?
-3
In base 8, what is 220 + -3?
215
In base 3, what is 12 - 201101?
-201012
In base 4, what is -3103 - 12?
-3121
In base 15, what is 1a + 60?
7a
In base 7, what is 112 + 5?
120
In base 12, what is 1158 - -3?
115b
In base 5, what is -3 - 1033?
-1041
In base 13, what is 5b + -6?
55
In base 15, what is 1354 - -3?
1357
In base 2, what is 101101 + 0?
101101
In base 13, what is 1 - -6c?
70
In base 5, what is -203 - 4124?
-4332
In base 6, what is -1223 - 5?
-1232
In base 3, what is -211 - -1011?
100
In base 14, what is -22 + -15d?
-181
In base 4, what is 2220 - 13?
2201
In base 10, what is 55 + -14?
41
In base 7, what is 260 + 0?
260
In base 5, what is 1000 - 1214?
-214
In base 7, what is -5 + 346?
341
In base 11, what is 29 - -4?
32
In base 8, what is 2 - 3612?
-3610
In base 8, what is 0 + -32?
-32
In base 3, what is 1120 - 20?
1100
In base 5, what is 213 - -10?
223
In base 11, what is 5 + 117?
121
In base 15, what is 3 - -61?
64
In base 11, what is -16 + -13?
-29
In base 8, what is 0 - 1731?
-1731
In base 13, what is -62 - 6?
-68
In base 3, what is 1200 - 1?
1122
In base 12, what is -2 - -91?
8b
In base 4, what is -102113 + 3?
-102110
In base 4, what is 22 + -301?
-213
In base 16, what is -2 - -2b7?
2b5
In base 6, what is -5 + 22131?
22122
In base 8, what is -54 - 171?
-245
In base 15, what is -5 + 5d5?
5d0
In base 12, what is 1 + b06?
b07
In base 3, what is 1120 - 10101?
-1211
In base 12, what is 171 - -40?
1b1
In base 6, what is -145 - -30?
-115
In base 10, what is 0 + -50?
-50
In base 15, what is -4 - 207?
-20b
In base 15, what is -a + 508?
4ed
In base 13, what is 841 + 4?
845
In base 11, what is -269a + -2?
-26a1
In base 12, what is b25 - 1?
b24
In base 10, what is 1 - -61?
62
In base 4, what is 111 - 11?
100
In base 4, what is -3 - 2003?
-2012
In base 15, what is -14dc - -1?
-14db
In base 3, what is 1101120 + 110?
1102000
In base 11, what is -26 + 4?
-22
In base 8, what is 30 + 3?
33
In base 13, what is 25 - -93?
b8
In base 2, what is 0 + 1001010001?
1001010001
In base 5, what is -42 + 3?
-34
In base 2, what is -1001111 + 100?
-1001011
In base 11, what is -1 + 1?
0
In base 13, what is -16b + 0?
-16b
In base 10, what is -1 - 235?
-236
In base 12, what is 5 + 19?
22
In base 8, what is -1132 - 1?
-1133
In base 16, what is -b6 + 8?
-ae
In base 6, what is 10324 + 4?
10332
In base 2, wha